{"id":53,"date":"2015-02-21T12:00:24","date_gmt":"2015-02-21T12:00:24","guid":{"rendered":"http:\/\/jovanovicplast.com\/?page_id=53"},"modified":"2015-03-14T19:42:22","modified_gmt":"2015-03-14T19:42:22","slug":"proizvodi","status":"publish","type":"page","link":"https:\/\/jovanovicplast.com\/?page_id=53","title":{"rendered":"PROIZVODI"},"content":{"rendered":"<div id=\"pl-53\"  class=\"panel-layout\" ><div id=\"pg-53-0\"  class=\"panel-grid panel-no-style\" ><div id=\"pgc-53-0-0\"  class=\"panel-grid-cell\" ><div id=\"panel-53-0-0-0\" class=\"so-panel widget widget_black-studio-tinymce widget_black_studio_tinymce panel-first-child panel-last-child\" data-index=\"0\" ><div class=\"panel-widget-style panel-widget-style-for-53-0-0-0\" ><h3 class=\"widget-title\">Proizvodni program<\/h3><div class=\"textwidget\"><p style=\"text-align: justify;\">PE folije, vre\u0107e i vre\u0107ice prema narud\u017ebama kupaca:<br \/> - PE industrijska folija<br \/> - PE folija sa\u00a0\u0161tampom<br \/> - PE vre\u0107ice za doma\u0107instvo<br \/> - PE vre\u0107e za sme\u0107e<br \/> - PE reklamne, trgova\u010dke vre\u0107ice<br \/> - PE treger vre\u0107ice<br \/> - PE treger vre\u0107ice u rolni<br \/> - PE industrijske vre\u0107e<br \/>- Strech folija<br \/>- Folije za plastenike<br \/>- ostala PE ambala\u017ea<\/p>\n<\/div><\/div><\/div><\/div><div id=\"pgc-53-0-1\"  class=\"panel-grid-cell\" ><div id=\"panel-53-0-1-0\" class=\"so-panel widget widget_siteorigin-panels-builder panel-first-child\" data-index=\"1\" ><div id=\"pl-w54fb7ad8cd248\"  class=\"panel-layout\" ><div id=\"pg-w54fb7ad8cd248-0\"  class=\"panel-grid panel-no-style\" ><div id=\"pgc-w54fb7ad8cd248-0-0\"  class=\"panel-grid-cell\" ><div id=\"panel-w54fb7ad8cd248-0-0-0\" class=\"so-panel widget widget_siteorigin-panels-image panel-first-child panel-last-child\" data-index=\"0\" ><img decoding=\"async\" src=\"https:\/\/jovanovicplast.com\/wp-content\/uploads\/2015\/02\/folija_anim_1.gif\" \/><\/div><\/div><div id=\"pgc-w54fb7ad8cd248-0-1\"  class=\"panel-grid-cell\" ><div id=\"panel-w54fb7ad8cd248-0-1-0\" class=\"so-panel widget widget_siteorigin-panels-image panel-first-child panel-last-child\" data-index=\"1\" ><img decoding=\"async\" src=\"https:\/\/jovanovicplast.com\/wp-content\/uploads\/2015\/02\/folija_anim_3.gif\" \/><\/div><\/div><div id=\"pgc-w54fb7ad8cd248-0-2\"  class=\"panel-grid-cell\" ><div id=\"panel-w54fb7ad8cd248-0-2-0\" class=\"so-panel widget widget_siteorigin-panels-image panel-first-child panel-last-child\" data-index=\"2\" ><img decoding=\"async\" src=\"https:\/\/jovanovicplast.com\/wp-content\/uploads\/2015\/02\/folija_anim_2.gif\" \/><\/div><\/div><div id=\"pgc-w54fb7ad8cd248-0-3\"  class=\"panel-grid-cell\" ><div id=\"panel-w54fb7ad8cd248-0-3-0\" class=\"so-panel widget widget_siteorigin-panels-image panel-first-child panel-last-child\" data-index=\"3\" ><img decoding=\"async\" src=\"https:\/\/jovanovicplast.com\/wp-content\/uploads\/2015\/02\/folija_anim_4.gif\" \/><\/div><\/div><div id=\"pgc-w54fb7ad8cd248-0-4\"  class=\"panel-grid-cell\" ><div id=\"panel-w54fb7ad8cd248-0-4-0\" class=\"so-panel widget widget_siteorigin-panels-image panel-first-child panel-last-child\" data-index=\"4\" ><img decoding=\"async\" src=\"https:\/\/jovanovicplast.com\/wp-content\/uploads\/2015\/02\/folija_anim_5.gif\" \/><\/div><\/div><\/div><div id=\"pg-w54fb7ad8cd248-1\"  class=\"panel-grid panel-no-style\" ><div id=\"pgc-w54fb7ad8cd248-1-0\"  class=\"panel-grid-cell panel-grid-cell-empty panel-grid-cell-mobile-last\" ><\/div><div id=\"pgc-w54fb7ad8cd248-1-1\"  class=\"panel-grid-cell panel-grid-cell-empty\" ><\/div><\/div><\/div><\/div><div id=\"panel-53-0-1-1\" class=\"so-panel widget widget_siteorigin-panels-builder panel-last-child\" data-index=\"2\" ><div id=\"pl-w550462780471c\"  class=\"panel-layout\" ><div id=\"pg-w550462780471c-0\"  class=\"panel-grid panel-no-style\" ><div id=\"pgc-w550462780471c-0-0\"  class=\"panel-grid-cell\" ><div id=\"panel-w550462780471c-0-0-0\" class=\"so-panel widget widget_black-studio-tinymce widget_black_studio_tinymce panel-first-child panel-last-child\" data-index=\"0\" ><div class=\"textwidget\"><p><a href=\"https:\/\/jovanovicplast.com\/wp-content\/uploads\/2015\/02\/IMG_2485.jpg\"><img loading=\"lazy\" decoding=\"async\" class=\"alignnone wp-image-321 size-medium\" src=\"https:\/\/jovanovicplast.com\/wp-content\/uploads\/2015\/02\/IMG_2485-300x176.jpg\" alt=\"IMG_2485\" width=\"300\" height=\"176\" \/><\/a><\/p>\n<\/div><\/div><\/div><div id=\"pgc-w550462780471c-0-1\"  class=\"panel-grid-cell\" ><div id=\"panel-w550462780471c-0-1-0\" class=\"so-panel widget widget_black-studio-tinymce widget_black_studio_tinymce panel-first-child panel-last-child\" data-index=\"1\" ><div class=\"textwidget\"><p><a href=\"https:\/\/jovanovicplast.com\/wp-content\/uploads\/2015\/02\/IMG_2429.jpg\"><img loading=\"lazy\" decoding=\"async\" class=\"alignnone wp-image-323 size-medium\" src=\"https:\/\/jovanovicplast.com\/wp-content\/uploads\/2015\/02\/IMG_2429-e1426350012807-300x230.jpg\" alt=\"IMG_2429\" width=\"300\" height=\"230\" \/><\/a><\/p>\n<\/div><\/div><\/div><\/div><\/div><\/div><\/div><\/div><div id=\"pg-53-1\"  class=\"panel-grid panel-no-style\" ><div id=\"pgc-53-1-0\"  class=\"panel-grid-cell\" ><div id=\"panel-53-1-0-0\" class=\"so-panel widget widget_black-studio-tinymce widget_black_studio_tinymce panel-first-child panel-last-child\" data-index=\"3\" ><div class=\"textwidget\"><p><a href=\"https:\/\/jovanovicplast.com\/wp-content\/uploads\/2015\/02\/domac-vrecice.jpg\"><img loading=\"lazy\" decoding=\"async\" class=\"alignnone size-medium wp-image-332\" src=\"https:\/\/jovanovicplast.com\/wp-content\/uploads\/2015\/02\/domac-vrecice-300x225.jpg\" alt=\"domac-vrecice\" width=\"300\" height=\"225\" srcset=\"https:\/\/jovanovicplast.com\/wp-content\/uploads\/2015\/02\/domac-vrecice-300x225.jpg 300w, https:\/\/jovanovicplast.com\/wp-content\/uploads\/2015\/02\/domac-vrecice-150x113.jpg 150w, https:\/\/jovanovicplast.com\/wp-content\/uploads\/2015\/02\/domac-vrecice.jpg 960w\" sizes=\"auto, (max-width: 300px) 100vw, 300px\" \/><\/a><\/p>\n<\/div><\/div><\/div><div id=\"pgc-53-1-1\"  class=\"panel-grid-cell\" ><div id=\"panel-53-1-1-0\" class=\"so-panel widget widget_black-studio-tinymce widget_black_studio_tinymce panel-first-child panel-last-child\" data-index=\"4\" ><div class=\"textwidget\"><p><a href=\"https:\/\/jovanovicplast.com\/wp-content\/uploads\/2015\/02\/Strech1.jpg\"><img loading=\"lazy\" decoding=\"async\" class=\"alignnone size-medium wp-image-339\" src=\"https:\/\/jovanovicplast.com\/wp-content\/uploads\/2015\/02\/Strech1-300x225.jpg\" alt=\"Strech1\" width=\"300\" height=\"225\" srcset=\"https:\/\/jovanovicplast.com\/wp-content\/uploads\/2015\/02\/Strech1-300x225.jpg 300w, https:\/\/jovanovicplast.com\/wp-content\/uploads\/2015\/02\/Strech1-150x113.jpg 150w, https:\/\/jovanovicplast.com\/wp-content\/uploads\/2015\/02\/Strech1.jpg 960w\" sizes=\"auto, (max-width: 300px) 100vw, 300px\" \/><\/a><\/p>\n<\/div><\/div><\/div><div id=\"pgc-53-1-2\"  class=\"panel-grid-cell\" ><div id=\"panel-53-1-2-0\" class=\"so-panel widget widget_black-studio-tinymce widget_black_studio_tinymce panel-first-child panel-last-child\" data-index=\"5\" ><div class=\"textwidget\"><p><a href=\"https:\/\/jovanovicplast.com\/wp-content\/uploads\/2015\/02\/Za-smece.jpg\"><img loading=\"lazy\" decoding=\"async\" class=\"alignnone size-medium wp-image-334\" src=\"https:\/\/jovanovicplast.com\/wp-content\/uploads\/2015\/02\/Za-smece-300x225.jpg\" alt=\"Za smece\" width=\"300\" height=\"225\" srcset=\"https:\/\/jovanovicplast.com\/wp-content\/uploads\/2015\/02\/Za-smece-300x225.jpg 300w, https:\/\/jovanovicplast.com\/wp-content\/uploads\/2015\/02\/Za-smece-150x113.jpg 150w, https:\/\/jovanovicplast.com\/wp-content\/uploads\/2015\/02\/Za-smece.jpg 960w\" sizes=\"auto, (max-width: 300px) 100vw, 300px\" \/><\/a><\/p>\n<\/div><\/div><\/div><div id=\"pgc-53-1-3\"  class=\"panel-grid-cell\" ><div id=\"panel-53-1-3-0\" class=\"so-panel widget widget_black-studio-tinymce widget_black_studio_tinymce panel-first-child panel-last-child\" data-index=\"6\" ><div class=\"textwidget\"><p><a href=\"https:\/\/jovanovicplast.com\/wp-content\/uploads\/2015\/02\/Kesa.jpg\"><img loading=\"lazy\" decoding=\"async\" class=\"alignnone size-medium wp-image-336\" src=\"https:\/\/jovanovicplast.com\/wp-content\/uploads\/2015\/02\/Kesa-300x225.jpg\" alt=\"Kesa\" width=\"300\" height=\"225\" srcset=\"https:\/\/jovanovicplast.com\/wp-content\/uploads\/2015\/02\/Kesa-300x225.jpg 300w, https:\/\/jovanovicplast.com\/wp-content\/uploads\/2015\/02\/Kesa-150x113.jpg 150w, https:\/\/jovanovicplast.com\/wp-content\/uploads\/2015\/02\/Kesa.jpg 960w\" sizes=\"auto, (max-width: 300px) 100vw, 300px\" \/><\/a><\/p>\n<\/div><\/div><\/div><\/div><\/div>","protected":false},"excerpt":{"rendered":"<p>PE folije, vre\u0107e i vre\u0107ice prema narud\u017ebama kupaca: &#8211; PE industrijska folija &#8211; PE folija sa\u00a0\u0161tampom &#8211; PE vre\u0107ice za doma\u0107instvo &#8211; PE vre\u0107e za sme\u0107e &#8211; PE reklamne, trgova\u010dke vre\u0107ice &#8211; PE treger vre\u0107ice &#8211; PE treger vre\u0107ice u rolni &#8211; PE industrijske vre\u0107e- Strech folija- Folije za plastenike- ostala PE ambala\u017ea<\/p>\n","protected":false},"author":1,"featured_media":0,"parent":0,"menu_order":0,"comment_status":"closed","ping_status":"closed","template":"templates\/fullwidth.php","meta":{"footnotes":""},"class_list":["post-53","page","type-page","status-publish","hentry","page-entry","loop-entry clr"],"_links":{"self":[{"href":"https:\/\/jovanovicplast.com\/index.php?rest_route=\/wp\/v2\/pages\/53","targetHints":{"allow":["GET"]}}],"collection":[{"href":"https:\/\/jovanovicplast.com\/index.php?rest_route=\/wp\/v2\/pages"}],"about":[{"href":"https:\/\/jovanovicplast.com\/index.php?rest_route=\/wp\/v2\/types\/page"}],"author":[{"embeddable":true,"href":"https:\/\/jovanovicplast.com\/index.php?rest_route=\/wp\/v2\/users\/1"}],"replies":[{"embeddable":true,"href":"https:\/\/jovanovicplast.com\/index.php?rest_route=%2Fwp%2Fv2%2Fcomments&post=53"}],"version-history":[{"count":28,"href":"https:\/\/jovanovicplast.com\/index.php?rest_route=\/wp\/v2\/pages\/53\/revisions"}],"predecessor-version":[{"id":340,"href":"https:\/\/jovanovicplast.com\/index.php?rest_route=\/wp\/v2\/pages\/53\/revisions\/340"}],"wp:attachment":[{"href":"https:\/\/jovanovicplast.com\/index.php?rest_route=%2Fwp%2Fv2%2Fmedia&parent=53"}],"curies":[{"name":"wp","href":"https:\/\/api.w.org\/{rel}","templated":true}]}}