{"id":55,"date":"2015-02-21T12:00:33","date_gmt":"2015-02-21T12:00:33","guid":{"rendered":"http:\/\/jovanovicplast.com\/?page_id=55"},"modified":"2015-03-18T21:01:48","modified_gmt":"2015-03-18T21:01:48","slug":"o-nama","status":"publish","type":"page","link":"https:\/\/jovanovicplast.com\/?page_id=55","title":{"rendered":"O NAMA"},"content":{"rendered":"<div id=\"pl-55\"  class=\"panel-layout\" ><div id=\"pg-55-0\"  class=\"panel-grid panel-no-style\" ><div id=\"pgc-55-0-0\"  class=\"panel-grid-cell\" ><div id=\"panel-55-0-0-0\" class=\"so-panel widget widget_black-studio-tinymce widget_black_studio_tinymce panel-first-child panel-last-child\" data-index=\"0\" ><div class=\"panel-widget-style panel-widget-style-for-55-0-0-0\" ><div class=\"textwidget\"><p style=\"text-align: left;\"><strong>Jovanovi\u0107 Plast<\/strong> d.o.o. sa sjedi\u0161tem u Tesli\u0107u, pristuna je na bosansko-hercegova\u010dkom tr\u017ei\u0161tu od 1996. godine. Od svog osnivanja pa do danas firma se bavi proizvodnjom poluetilenske ambala\u017ee odnosno proizvodnjom folija, vre\u0107ica i namjenskih ambala\u017ea za industriju. Pomenuta ambala\u017ea se proizvodi od granulata poluetilena koji se uvozi u BiH iz zemalja u regionu. Firma <strong>Jovanovi\u0107 Plast<\/strong>\u00a0d.o.o. je u privatnom vlasni\u0161tvu, \u010diji osniva\u010d a ujedno i vlasnik je Nikola Jovanovi\u0107.<\/p>\n<h3 style=\"text-align: left;\">Istorija kroz brojeve:<\/h3>\n<p style=\"text-align: left;\">1996 \u2013 Osnovana samostalna zanatska radnja\u00a0Jovanovi\u0107 Plast<br \/>\n2013\u00a0\u2013\u00a0Uskla\u0111ivanje poslovnog imena u\u00a0ZR Jovanovi\u0107 Plast Vl. Nikola Jovanovi\u0107<br \/>\n2015 \u2013 Preregistracija u Dru\u0161tvo Organi\u010dene Odgovornosti (d.o.o)<\/p>\n<\/div><\/div><\/div><\/div><div id=\"pgc-55-0-1\"  class=\"panel-grid-cell\" ><div id=\"panel-55-0-1-0\" class=\"so-panel widget widget_black-studio-tinymce widget_black_studio_tinymce panel-first-child\" data-index=\"1\" ><div class=\"textwidget\"><p><a href=\"https:\/\/jovanovicplast.com\/wp-content\/uploads\/2015\/03\/IMG_2294_HDR-e1426291600888.png\"><img loading=\"lazy\" decoding=\"async\" class=\"alignnone size-medium wp-image-247\" src=\"https:\/\/jovanovicplast.com\/wp-content\/uploads\/2015\/03\/IMG_2294_HDR-e1426291573372-300x124.png\" alt=\"IMG_2294_HDR\" width=\"300\" height=\"124\" \/><\/a><\/p>\n<\/div><\/div><div id=\"panel-55-0-1-1\" class=\"so-panel widget widget_black-studio-tinymce widget_black_studio_tinymce panel-last-child\" data-index=\"2\" ><div class=\"textwidget\"><p><a href=\"https:\/\/jovanovicplast.com\/wp-content\/uploads\/2015\/02\/IMG_2500_HDR-e1426333887482.png\"><img loading=\"lazy\" decoding=\"async\" class=\"lightbox alignnone wp-image-297 size-full\" src=\"https:\/\/jovanovicplast.com\/wp-content\/uploads\/2015\/02\/IMG_2500_HDR-e1426333887482.png\" alt=\"IMG_2500_HDR\" width=\"800\" height=\"595\" \/><\/a><\/p>\n<\/div><\/div><\/div><\/div><div id=\"pg-55-1\"  class=\"panel-grid panel-no-style\" ><div id=\"pgc-55-1-0\"  class=\"panel-grid-cell\" ><div id=\"panel-55-1-0-0\" class=\"so-panel widget widget_black-studio-tinymce widget_black_studio_tinymce panel-first-child panel-last-child\" data-index=\"3\" ><div class=\"textwidget\"><p><a href=\"https:\/\/jovanovicplast.com\/wp-content\/uploads\/2015\/03\/IMG_2328-e1426348183959.jpg\"><img loading=\"lazy\" decoding=\"async\" class=\"alignnone size-medium wp-image-315\" src=\"https:\/\/jovanovicplast.com\/wp-content\/uploads\/2015\/03\/IMG_2328-300x200.jpg\" alt=\"IMG_2328\" width=\"300\" height=\"200\" \/><\/a><\/p>\n<\/div><\/div><\/div><div id=\"pgc-55-1-1\"  class=\"panel-grid-cell\" ><div id=\"panel-55-1-1-0\" class=\"so-panel widget widget_black-studio-tinymce widget_black_studio_tinymce panel-first-child panel-last-child\" data-index=\"4\" ><div class=\"textwidget\"><p><a href=\"https:\/\/jovanovicplast.com\/wp-content\/uploads\/2015\/02\/IMG_2361-e1426298069199.jpg\"><img loading=\"lazy\" decoding=\"async\" class=\"alignnone size-medium wp-image-277\" src=\"https:\/\/jovanovicplast.com\/wp-content\/uploads\/2015\/02\/IMG_2361-300x200.jpg\" alt=\"IMG_2361\" width=\"300\" height=\"200\" \/><\/a><\/p>\n<\/div><\/div><\/div><div id=\"pgc-55-1-2\"  class=\"panel-grid-cell\" ><div id=\"panel-55-1-2-0\" class=\"so-panel widget widget_black-studio-tinymce widget_black_studio_tinymce panel-first-child panel-last-child\" data-index=\"5\" ><div class=\"textwidget\"><p><a href=\"https:\/\/jovanovicplast.com\/wp-content\/uploads\/2015\/02\/IMG_2357-e1426348459919.jpg\"><img loading=\"lazy\" decoding=\"async\" class=\"alignnone size-medium wp-image-318\" src=\"https:\/\/jovanovicplast.com\/wp-content\/uploads\/2015\/02\/IMG_2357-300x200.jpg\" alt=\"IMG_2357\" width=\"300\" height=\"200\" \/><\/a><\/p>\n<\/div><\/div><\/div><\/div><\/div>","protected":false},"excerpt":{"rendered":"<p>Jovanovi\u0107 Plast d.o.o. sa sjedi\u0161tem u Tesli\u0107u, pristuna je na bosansko-hercegova\u010dkom tr\u017ei\u0161tu od 1996. godine. Od svog osnivanja pa do danas firma se bavi proizvodnjom poluetilenske ambala\u017ee odnosno proizvodnjom folija, vre\u0107ica i namjenskih ambala\u017ea za industriju. Pomenuta ambala\u017ea se proizvodi od granulata poluetilena koji se uvozi u BiH iz zemalja u regionu. Firma Jovanovi\u0107 Plast\u00a0d.o.o&#8230;.<\/p>\n","protected":false},"author":1,"featured_media":0,"parent":0,"menu_order":0,"comment_status":"closed","ping_status":"closed","template":"templates\/fullwidth.php","meta":{"footnotes":""},"class_list":["post-55","page","type-page","status-publish","hentry","page-entry","loop-entry clr"],"_links":{"self":[{"href":"https:\/\/jovanovicplast.com\/index.php?rest_route=\/wp\/v2\/pages\/55","targetHints":{"allow":["GET"]}}],"collection":[{"href":"https:\/\/jovanovicplast.com\/index.php?rest_route=\/wp\/v2\/pages"}],"about":[{"href":"https:\/\/jovanovicplast.com\/index.php?rest_route=\/wp\/v2\/types\/page"}],"author":[{"embeddable":true,"href":"https:\/\/jovanovicplast.com\/index.php?rest_route=\/wp\/v2\/users\/1"}],"replies":[{"embeddable":true,"href":"https:\/\/jovanovicplast.com\/index.php?rest_route=%2Fwp%2Fv2%2Fcomments&post=55"}],"version-history":[{"count":22,"href":"https:\/\/jovanovicplast.com\/index.php?rest_route=\/wp\/v2\/pages\/55\/revisions"}],"predecessor-version":[{"id":342,"href":"https:\/\/jovanovicplast.com\/index.php?rest_route=\/wp\/v2\/pages\/55\/revisions\/342"}],"wp:attachment":[{"href":"https:\/\/jovanovicplast.com\/index.php?rest_route=%2Fwp%2Fv2%2Fmedia&parent=55"}],"curies":[{"name":"wp","href":"https:\/\/api.w.org\/{rel}","templated":true}]}}